{"id":246687,"date":"2025-11-05T17:46:32","date_gmt":"2025-11-05T16:46:32","guid":{"rendered":"https:\/\/www.elcellerdenxiqui.cat\/?post_type=product&#038;p=246687"},"modified":"2025-11-06T20:18:42","modified_gmt":"2025-11-06T19:18:42","slug":"presentacio-de-les-noves-volcanic-soul-series-de-la-cerveseria-pochs","status":"publish","type":"product","link":"https:\/\/www.elcellerdenxiqui.cat\/en\/botiga\/presentacio-de-les-noves-volcanic-soul-series-de-la-cerveseria-pochs\/","title":{"rendered":"Presentaci\u00f3 de les noves VOLCANIC SOUL SERIES de la Cerveseria Poch\u2019s"},"content":{"rendered":"<p>Reprenem els tasts amb un esdeveniment que feia molt de temps que esperava. La presentaci\u00f3 de la nova l\u00ednia de cerveses de la cerveseria Poch&#8217;s.<\/p>\n<p>Aquesta ja emblem\u00e0tica cervesria de Castellfollit de la Roca sempre s&#8217;ha caracteritzat per no deixar-se arrossegar per les modes i seguir el seu cam\u00ed, fent cas a all\u00f2 que ells volen fer i en el que creuen. Una filosofia que els ha acabat posicionant com un dels projectes cervesers de m\u00e9s prestigi a les nostres contrades, donada l&#8217;alt\u00edssima qualitat de les cerveses que elaboren.<\/p>\n<p>I \u00e9s seguint la seva manera de ser i la inquietud per millorar o reinterpretar estils, que han nascut les Volcanic Soul Series. Cerveses d&#8217;alta gamma pensades per prendre i degustar amb calma. Per assaborir els matisos. Per descobrir o reinterpretar estils cl\u00e0ssics. En definitiva, per gaudir amb aut\u00e8ntics cervesots!<\/p>\n<p>Ens hi acompanyeu?<\/p>\n","protected":false},"excerpt":{"rendered":"<h3>13 de Novembre del 2025 a les 19h<\/h3>\n<p>El dijous dia 13 de Novembre a les 19h a la sala de tast de El Celler d&#8217;en Xiqui.<\/p>\n<p><strong>Places limitades.<\/strong><\/p>\n","protected":false},"featured_media":246688,"template":"","meta":{"_et_pb_use_builder":"","_et_pb_old_content":"","_et_gb_content_width":"","iawp_total_views":16},"product_brand":[],"product_cat":[108],"product_tag":[],"class_list":{"0":"post-246687","1":"product","2":"type-product","3":"status-publish","4":"has-post-thumbnail","6":"product_cat-tastos-i-maridatges","8":"first","9":"instock","10":"taxable","11":"shipping-taxable","12":"purchasable","13":"product-type-simple","14":"wpzoom-wc-spi-has-enabled"},"_links":{"self":[{"href":"https:\/\/www.elcellerdenxiqui.cat\/en\/wp-json\/wp\/v2\/product\/246687","targetHints":{"allow":["GET"]}}],"collection":[{"href":"https:\/\/www.elcellerdenxiqui.cat\/en\/wp-json\/wp\/v2\/product"}],"about":[{"href":"https:\/\/www.elcellerdenxiqui.cat\/en\/wp-json\/wp\/v2\/types\/product"}],"wp:featuredmedia":[{"embeddable":true,"href":"https:\/\/www.elcellerdenxiqui.cat\/en\/wp-json\/wp\/v2\/media\/246688"}],"wp:attachment":[{"href":"https:\/\/www.elcellerdenxiqui.cat\/en\/wp-json\/wp\/v2\/media?parent=246687"}],"wp:term":[{"taxonomy":"product_brand","embeddable":true,"href":"https:\/\/www.elcellerdenxiqui.cat\/en\/wp-json\/wp\/v2\/product_brand?post=246687"},{"taxonomy":"product_cat","embeddable":true,"href":"https:\/\/www.elcellerdenxiqui.cat\/en\/wp-json\/wp\/v2\/product_cat?post=246687"},{"taxonomy":"product_tag","embeddable":true,"href":"https:\/\/www.elcellerdenxiqui.cat\/en\/wp-json\/wp\/v2\/product_tag?post=246687"}],"curies":[{"name":"wp","href":"https:\/\/api.w.org\/{rel}","templated":true}]}}

Presentació de les noves VOLCANIC SOUL SERIES de la Cerveseria Poch’s

<p>Reprenem els tasts amb un esdeveniment que feia molt de temps que esperava. La presentació de la nova línia de cerveses de la cerveseria Poch&#8217;s.</p>
<p>Aquesta ja emblemàtica cervesria de Castellfollit de la Roca sempre s&#8217;ha caracteritzat per no deixar-se arrossegar per les modes i seguir el seu camí, fent cas a allò que ells volen fer i en el que creuen. Una filosofia que els ha acabat posicionant com un dels projectes cervesers de més prestigi a les nostres contrades, donada l&#8217;altíssima qualitat de les cerveses que elaboren.</p>
<p>I és seguint la seva manera de ser i la inquietud per millorar o reinterpretar estils, que han nascut les Volcanic Soul Series. Cerveses d&#8217;alta gamma pensades per prendre i degustar amb calma. Per assaborir els matisos. Per descobrir o reinterpretar estils clàssics. En definitiva, per gaudir amb autèntics cervesots!</p>
<p>Ens hi acompanyeu?</p>
