{"id":246515,"date":"2025-04-03T12:50:18","date_gmt":"2025-04-03T11:50:18","guid":{"rendered":"https:\/\/www.elcellerdenxiqui.cat\/?post_type=product&#038;p=246515"},"modified":"2025-05-31T15:43:51","modified_gmt":"2025-05-31T14:43:51","slug":"tast-i-presentacio-del-celler-pujol-cargol","status":"publish","type":"product","link":"https:\/\/www.elcellerdenxiqui.cat\/en\/botiga\/tast-i-presentacio-del-celler-pujol-cargol\/","title":{"rendered":"Tast i Presentaci\u00f3 del Celler Pujol Cargol"},"content":{"rendered":"<p>Dijous vinent ens visita una d&#8217;aquelles persones que s&#8217;ha de con\u00e8ixer s\u00ed o s\u00ed. Un imprescindible per entendre el vi empordan\u00e8s. Un en\u00f2leg excepcional que ha assessorat diferents cellers de la zona amb gran mestria. Per\u00f2 sobretot ha sabut triar el bo i millor de les vinyes familiars per fer uns vins \u00fanics que transmeten tota la seva personalitat, el seu coneixement i la seva hist\u00f2ria.<\/p>\n<p>Aquest proper dijous podrem tastar, aprendre i conversar amb en David Pujol, del Celler Pujol Cargol. No et perdis aquest oportunitat \u00fanica!<\/p>\n<p>Ens hi acompanyes?<\/p>\n","protected":false},"excerpt":{"rendered":"<h3>5 de Juny de 2025 a les 19h<\/h3>\n<p>El dijous dia 5 de Juny a les 19h a la sala de tast de El Celler d&#8217;en Xiqui.<\/p>\n<p><strong>Places limitades.<\/strong><\/p>\n","protected":false},"featured_media":246567,"template":"","meta":{"_et_pb_use_builder":"","_et_pb_old_content":"","_et_gb_content_width":"","iawp_total_views":56},"product_brand":[],"product_cat":[108],"product_tag":[],"class_list":{"0":"post-246515","1":"product","2":"type-product","3":"status-publish","4":"has-post-thumbnail","6":"product_cat-tastos-i-maridatges","8":"first","9":"outofstock","10":"taxable","11":"shipping-taxable","12":"purchasable","13":"product-type-simple","14":"wpzoom-wc-spi-has-enabled"},"_links":{"self":[{"href":"https:\/\/www.elcellerdenxiqui.cat\/en\/wp-json\/wp\/v2\/product\/246515","targetHints":{"allow":["GET"]}}],"collection":[{"href":"https:\/\/www.elcellerdenxiqui.cat\/en\/wp-json\/wp\/v2\/product"}],"about":[{"href":"https:\/\/www.elcellerdenxiqui.cat\/en\/wp-json\/wp\/v2\/types\/product"}],"wp:featuredmedia":[{"embeddable":true,"href":"https:\/\/www.elcellerdenxiqui.cat\/en\/wp-json\/wp\/v2\/media\/246567"}],"wp:attachment":[{"href":"https:\/\/www.elcellerdenxiqui.cat\/en\/wp-json\/wp\/v2\/media?parent=246515"}],"wp:term":[{"taxonomy":"product_brand","embeddable":true,"href":"https:\/\/www.elcellerdenxiqui.cat\/en\/wp-json\/wp\/v2\/product_brand?post=246515"},{"taxonomy":"product_cat","embeddable":true,"href":"https:\/\/www.elcellerdenxiqui.cat\/en\/wp-json\/wp\/v2\/product_cat?post=246515"},{"taxonomy":"product_tag","embeddable":true,"href":"https:\/\/www.elcellerdenxiqui.cat\/en\/wp-json\/wp\/v2\/product_tag?post=246515"}],"curies":[{"name":"wp","href":"https:\/\/api.w.org\/{rel}","templated":true}]}}

Tast i Presentació del Celler Pujol Cargol

<p>Dijous vinent ens visita una d&#8217;aquelles persones que s&#8217;ha de conèixer sí o sí. Un imprescindible per entendre el vi empordanès. Un enòleg excepcional que ha assessorat diferents cellers de la zona amb gran mestria. Però sobretot ha sabut triar el bo i millor de les vinyes familiars per fer uns vins únics que transmeten tota la seva personalitat, el seu coneixement i la seva història.</p>
<p>Aquest proper dijous podrem tastar, aprendre i conversar amb en David Pujol, del Celler Pujol Cargol. No et perdis aquest oportunitat única!</p>
<p>Ens hi acompanyes?</p>
