{"id":246045,"date":"2024-04-03T16:38:12","date_gmt":"2024-04-03T15:38:12","guid":{"rendered":"https:\/\/www.elcellerdenxiqui.cat\/?post_type=product&#038;p=246045"},"modified":"2024-04-11T15:43:36","modified_gmt":"2024-04-11T14:43:36","slug":"tast-i-presentacio-de-les-avellanes-nuasets","status":"publish","type":"product","link":"https:\/\/www.elcellerdenxiqui.cat\/en\/botiga\/tast-i-presentacio-de-les-avellanes-nuasets\/","title":{"rendered":"Tast i Presentaci\u00f3 de les Avellanes Nuasets"},"content":{"rendered":"<p>Sabies que Brunyola \u00e9s terra d&#8217;avellanes? Haig de confessar que jo no n&#8217;era pas conscient fins que vaig con\u00e8ixer en Pere, de Nuasets. Va ser ell qui em va explicar que diferents productors de la zona, cansats de cobrar preus baix\u00edssims per un producte de m\u00e0xima qualitat, van decidir unir-se per crear la marca Nuasets i vendre les seves avellanes directament al consumidor final. D&#8217;aleshores en\u00e7\u00e0 no han parat de rebre elogis i reconeixements perqu\u00e8 les seves avellanes, a m\u00e9s de ser de proximitat, estan bon\u00edssimes.<\/p>\n<p>El proper dijous descobrirem les bondats d&#8217;aquest fruit sec i els diferents formats amb les que Nuasets les comercialitza (torrades, salades, garrapinyades,&#8230;). I com no podia ser d&#8217;altra manera, buscarem quins maridatges i acompanyaments s\u00f3n els seus millors aliats.<\/p>\n<p>Ens hi acompanyeu?<\/p>\n","protected":false},"excerpt":{"rendered":"<h3>11 d&#8217;Abril del 2024 a les 19h<\/h3>\n<p>El dijous dia 11 d&#8217;Abril a les 19h a la sala de tast de El Celler d&#8217;en Xiqui.<\/p>\n<p><strong>Places limitades.<\/strong><\/p>\n","protected":false},"featured_media":246046,"template":"","meta":{"_et_pb_use_builder":"","_et_pb_old_content":"","_et_gb_content_width":"","iawp_total_views":7},"product_brand":[],"product_cat":[108],"product_tag":[],"class_list":{"0":"post-246045","1":"product","2":"type-product","3":"status-publish","4":"has-post-thumbnail","6":"product_cat-tastos-i-maridatges","8":"first","9":"outofstock","10":"taxable","11":"shipping-taxable","12":"purchasable","13":"product-type-simple","14":"wpzoom-wc-spi-has-enabled"},"_links":{"self":[{"href":"https:\/\/www.elcellerdenxiqui.cat\/en\/wp-json\/wp\/v2\/product\/246045","targetHints":{"allow":["GET"]}}],"collection":[{"href":"https:\/\/www.elcellerdenxiqui.cat\/en\/wp-json\/wp\/v2\/product"}],"about":[{"href":"https:\/\/www.elcellerdenxiqui.cat\/en\/wp-json\/wp\/v2\/types\/product"}],"wp:featuredmedia":[{"embeddable":true,"href":"https:\/\/www.elcellerdenxiqui.cat\/en\/wp-json\/wp\/v2\/media\/246046"}],"wp:attachment":[{"href":"https:\/\/www.elcellerdenxiqui.cat\/en\/wp-json\/wp\/v2\/media?parent=246045"}],"wp:term":[{"taxonomy":"product_brand","embeddable":true,"href":"https:\/\/www.elcellerdenxiqui.cat\/en\/wp-json\/wp\/v2\/product_brand?post=246045"},{"taxonomy":"product_cat","embeddable":true,"href":"https:\/\/www.elcellerdenxiqui.cat\/en\/wp-json\/wp\/v2\/product_cat?post=246045"},{"taxonomy":"product_tag","embeddable":true,"href":"https:\/\/www.elcellerdenxiqui.cat\/en\/wp-json\/wp\/v2\/product_tag?post=246045"}],"curies":[{"name":"wp","href":"https:\/\/api.w.org\/{rel}","templated":true}]}}

Tast i Presentació de les Avellanes Nuasets

<p>Sabies que Brunyola és terra d&#8217;avellanes? Haig de confessar que jo no n&#8217;era pas conscient fins que vaig conèixer en Pere, de Nuasets. Va ser ell qui em va explicar que diferents productors de la zona, cansats de cobrar preus baixíssims per un producte de màxima qualitat, van decidir unir-se per crear la marca Nuasets i vendre les seves avellanes directament al consumidor final. D&#8217;aleshores ençà no han parat de rebre elogis i reconeixements perquè les seves avellanes, a més de ser de proximitat, estan boníssimes.</p>
<p>El proper dijous descobrirem les bondats d&#8217;aquest fruit sec i els diferents formats amb les que Nuasets les comercialitza (torrades, salades, garrapinyades,&#8230;). I com no podia ser d&#8217;altra manera, buscarem quins maridatges i acompanyaments són els seus millors aliats.</p>
<p>Ens hi acompanyeu?</p>
