{"id":245974,"date":"2024-02-21T17:47:19","date_gmt":"2024-02-21T16:47:19","guid":{"rendered":"https:\/\/www.elcellerdenxiqui.cat\/?post_type=product&#038;p=245974"},"modified":"2024-02-27T23:35:48","modified_gmt":"2024-02-27T22:35:48","slug":"tast-i-presentacio-de-cervesa-albera","status":"publish","type":"product","link":"https:\/\/www.elcellerdenxiqui.cat\/en\/botiga\/tast-i-presentacio-de-cervesa-albera\/","title":{"rendered":"Tast i Presentaci\u00f3 de Cervesa Albera"},"content":{"rendered":"<p>El seu nom no deixa lloc a cap mena de dubte. La cervesa Albera, \u00e9s un projecte nascut i inspirat a la Serra de l&#8217;Albera. Concretament al poble de Garriguella, de la m\u00e0 d&#8217;en Lluc, un enamorat de la seva terra que troba en el seu entorn la inspiraci\u00f3 necess\u00e0ria per parir aquestes cerveses tant aut\u00e8ntiques i arrelades.<\/p>\n<p><em>&#8220;Albera \u00e9s una cervesa viva per compartir i continuar gaudint de la vida amb tot all\u00f2 que tenim al nostre abast&#8221; <\/em><\/p>\n<p>Cerveses bones i fidels, amb consci\u00e8ncia de pertanyen\u00e7a a un lloc \u00fanic i irrepetible. Una recepta que nom\u00e9s pot augurar un tast memorable el proper dijous 29 de febrer.<\/p>\n<p>Ens hi acompanyeu?<\/p>\n","protected":false},"excerpt":{"rendered":"<h3>29 de Febrer del 2024 a les 19h<\/h3>\n<p>El dijous dia 29 de Febrer a les 19h a la sala de tast de El Celler d&#8217;en Xiqui.<\/p>\n<p><strong>Places limitades.<\/strong><\/p>\n","protected":false},"featured_media":245976,"template":"","meta":{"_et_pb_use_builder":"","_et_pb_old_content":"","_et_gb_content_width":"","iawp_total_views":4},"product_brand":[],"product_cat":[108],"product_tag":[],"class_list":{"0":"post-245974","1":"product","2":"type-product","3":"status-publish","4":"has-post-thumbnail","6":"product_cat-tastos-i-maridatges","8":"first","9":"instock","10":"taxable","11":"shipping-taxable","12":"purchasable","13":"product-type-simple","14":"wpzoom-wc-spi-has-enabled"},"_links":{"self":[{"href":"https:\/\/www.elcellerdenxiqui.cat\/en\/wp-json\/wp\/v2\/product\/245974","targetHints":{"allow":["GET"]}}],"collection":[{"href":"https:\/\/www.elcellerdenxiqui.cat\/en\/wp-json\/wp\/v2\/product"}],"about":[{"href":"https:\/\/www.elcellerdenxiqui.cat\/en\/wp-json\/wp\/v2\/types\/product"}],"wp:featuredmedia":[{"embeddable":true,"href":"https:\/\/www.elcellerdenxiqui.cat\/en\/wp-json\/wp\/v2\/media\/245976"}],"wp:attachment":[{"href":"https:\/\/www.elcellerdenxiqui.cat\/en\/wp-json\/wp\/v2\/media?parent=245974"}],"wp:term":[{"taxonomy":"product_brand","embeddable":true,"href":"https:\/\/www.elcellerdenxiqui.cat\/en\/wp-json\/wp\/v2\/product_brand?post=245974"},{"taxonomy":"product_cat","embeddable":true,"href":"https:\/\/www.elcellerdenxiqui.cat\/en\/wp-json\/wp\/v2\/product_cat?post=245974"},{"taxonomy":"product_tag","embeddable":true,"href":"https:\/\/www.elcellerdenxiqui.cat\/en\/wp-json\/wp\/v2\/product_tag?post=245974"}],"curies":[{"name":"wp","href":"https:\/\/api.w.org\/{rel}","templated":true}]}}

Tast i Presentació de Cervesa Albera

<p>El seu nom no deixa lloc a cap mena de dubte. La cervesa Albera, és un projecte nascut i inspirat a la Serra de l&#8217;Albera. Concretament al poble de Garriguella, de la mà d&#8217;en Lluc, un enamorat de la seva terra que troba en el seu entorn la inspiració necessària per parir aquestes cerveses tant autèntiques i arrelades.</p>
<p><em>&#8220;Albera és una cervesa viva per compartir i continuar gaudint de la vida amb tot allò que tenim al nostre abast&#8221; </em></p>
<p>Cerveses bones i fidels, amb consciència de pertanyença a un lloc únic i irrepetible. Una recepta que només pot augurar un tast memorable el proper dijous 29 de febrer.</p>
<p>Ens hi acompanyeu?</p>
