{"id":245940,"date":"2024-01-15T12:33:07","date_gmt":"2024-01-15T11:33:07","guid":{"rendered":"https:\/\/www.elcellerdenxiqui.cat\/?post_type=product&#038;p=245940"},"modified":"2024-01-19T19:32:06","modified_gmt":"2024-01-19T18:32:06","slug":"tast-i-presentacio-de-rim-vins-i-vinyes-de-jordi-esteve","status":"publish","type":"product","link":"https:\/\/www.elcellerdenxiqui.cat\/en\/botiga\/tast-i-presentacio-de-rim-vins-i-vinyes-de-jordi-esteve\/","title":{"rendered":"Tast i presentaci\u00f3 de RIM Vins i Vinyes de Jordi Esteve"},"content":{"rendered":"<p>Soc nouvingut a Rab\u00f3s. Els meus amics tenen m\u00e9s de setanta anys i em parlen de la vida antiga del poble de Rab\u00f3s, una vida que ja no hi \u00e9s per\u00f2 jo veig. Em dedico a l&#8217;observaci\u00f3, a demanar el que no s\u00e9 als avis del poble, a fer teixit social, a muntar fires de vi, a gaudir de la vida, a caminar, a podar intensament; a con\u00e8ixer la hist\u00f2ria de Rab\u00f3s d&#8217;Empord\u00e0, a recuperar vinyes perdudes, a intentar que tornin a obrir el bar del poble, a vendre vi, a veure les postes de sol, a c\u00f3rrer per les vinyes i agafar pr\u00e9ssecs de l&#8217;arbre; a fermentar quan no respiro, a canviar l&#8217;oli del meu tractoret, a desbrossar, a lluitar contra els senglars, a aprendre a fer paret de pedra seca, a collir ametlles, a cuinar a la gent que estimo, a fer classes de vi i de vinya, a descobrir antics cellers ja en des\u00fas, a recuperar una petita bota de vi ranci, a escoltar la natura.<br \/>\nEmbotello tot aix\u00f2 en format de 75 cl.<\/p>\n<p>Ens hi acompanyeu?<\/p>\n","protected":false},"excerpt":{"rendered":"<h3>26 de Gener del 2024 a les 19h<\/h3>\n<p>El divendres dia 26 de Gener a les 19h a la sala de tast de El Celler d&#8217;en Xiqui.<\/p>\n<p><strong>Places limitades.<\/strong><\/p>\n","protected":false},"featured_media":245941,"template":"","meta":{"_et_pb_use_builder":"","_et_pb_old_content":"","_et_gb_content_width":"","iawp_total_views":8},"product_brand":[],"product_cat":[108],"product_tag":[],"class_list":{"0":"post-245940","1":"product","2":"type-product","3":"status-publish","4":"has-post-thumbnail","6":"product_cat-tastos-i-maridatges","8":"first","9":"outofstock","10":"taxable","11":"shipping-taxable","12":"purchasable","13":"product-type-simple","14":"wpzoom-wc-spi-has-enabled"},"_links":{"self":[{"href":"https:\/\/www.elcellerdenxiqui.cat\/en\/wp-json\/wp\/v2\/product\/245940","targetHints":{"allow":["GET"]}}],"collection":[{"href":"https:\/\/www.elcellerdenxiqui.cat\/en\/wp-json\/wp\/v2\/product"}],"about":[{"href":"https:\/\/www.elcellerdenxiqui.cat\/en\/wp-json\/wp\/v2\/types\/product"}],"wp:featuredmedia":[{"embeddable":true,"href":"https:\/\/www.elcellerdenxiqui.cat\/en\/wp-json\/wp\/v2\/media\/245941"}],"wp:attachment":[{"href":"https:\/\/www.elcellerdenxiqui.cat\/en\/wp-json\/wp\/v2\/media?parent=245940"}],"wp:term":[{"taxonomy":"product_brand","embeddable":true,"href":"https:\/\/www.elcellerdenxiqui.cat\/en\/wp-json\/wp\/v2\/product_brand?post=245940"},{"taxonomy":"product_cat","embeddable":true,"href":"https:\/\/www.elcellerdenxiqui.cat\/en\/wp-json\/wp\/v2\/product_cat?post=245940"},{"taxonomy":"product_tag","embeddable":true,"href":"https:\/\/www.elcellerdenxiqui.cat\/en\/wp-json\/wp\/v2\/product_tag?post=245940"}],"curies":[{"name":"wp","href":"https:\/\/api.w.org\/{rel}","templated":true}]}}

Tast i presentació de RIM Vins i Vinyes de Jordi Esteve

<p>Soc nouvingut a Rabós. Els meus amics tenen més de setanta anys i em parlen de la vida antiga del poble de Rabós, una vida que ja no hi és però jo veig. Em dedico a l&#8217;observació, a demanar el que no sé als avis del poble, a fer teixit social, a muntar fires de vi, a gaudir de la vida, a caminar, a podar intensament; a conèixer la història de Rabós d&#8217;Empordà, a recuperar vinyes perdudes, a intentar que tornin a obrir el bar del poble, a vendre vi, a veure les postes de sol, a córrer per les vinyes i agafar préssecs de l&#8217;arbre; a fermentar quan no respiro, a canviar l&#8217;oli del meu tractoret, a desbrossar, a lluitar contra els senglars, a aprendre a fer paret de pedra seca, a collir ametlles, a cuinar a la gent que estimo, a fer classes de vi i de vinya, a descobrir antics cellers ja en desús, a recuperar una petita bota de vi ranci, a escoltar la natura.<br />
Embotello tot això en format de 75 cl.</p>
<p>Ens hi acompanyeu?</p>
