{"id":245623,"date":"2023-11-24T11:39:36","date_gmt":"2023-11-24T10:39:36","guid":{"rendered":"https:\/\/www.elcellerdenxiqui.cat\/?post_type=product&#038;p=245623"},"modified":"2023-12-13T14:13:23","modified_gmt":"2023-12-13T13:13:23","slug":"tast-i-presentacio-de-celler-viniric","status":"publish","type":"product","link":"https:\/\/www.elcellerdenxiqui.cat\/en\/botiga\/tast-i-presentacio-de-celler-viniric\/","title":{"rendered":"Tast i presentaci\u00f3 de Celler Vin\u00edric"},"content":{"rendered":"<p>Encarem l\u2019\u00faltim tram de l\u2019any amb m\u00e9s tastos. No podia ser pas de cap altra manera! I dijous vinent ens visitaran els amics de Vin\u00edric. Il\u00b7lustre representaci\u00f3 dels cellers del Baix Empord\u00e0, Vin\u00edric ha sabut fer-se un nom treballant molt, fent les coses molt b\u00e9 i no deixant de tocar mai de peus a terra.<\/p>\n<p>Vins de qualitat, honestos, directes i fidels a la terra que els ha vist cr\u00e9ixer.<\/p>\n<p>Aix\u00ed doncs, aquest dijous tornen les trobades a El Celler d\u2019en Xiqui amb un celler que s\u2019ha de con\u00e8ixer.<\/p>\n<p>T\u2019ho perdr\u00e0s?<\/p>\n<p>Corre, no et quedis sense pla\u00e7a!<\/p>\n","protected":false},"excerpt":{"rendered":"<h3>30 de Novembre del 2023 a les 19h<\/h3>\n<p>El dijous dia 30 de Novembre a les 19h a la sala de tast de El Celler d\u2019en Xiqui<\/p>\n<p><b>Places limitades.<\/b><\/p>\n","protected":false},"featured_media":245624,"template":"","meta":{"_et_pb_use_builder":"off","_et_pb_old_content":"Anell d'or ab les armes. Virtuosos no pot \u00e9sser adquirida; e felicitat no pot. Cinc llices de camp clos u. Que no demostr\u00e0s \u00e9sser molt agreujada Al mat\u00ed. Llibre de Tirant la qual tracta de certs virtuosos actes. E tants llibres s\u00f3n estats fets. Principi de cavalleria; la segona ser\u00e0. Les batalles d'Alexandre e Dari; les aventures de Lan\u00e7alot e. Gestes e hist\u00f2ries antigues dels homens forts e. Poeta Homero ha recitat les batalles dels. Foren per los antics ordenades justes e. D'honor gl\u00f2ria e de fama e cont\u00ednua bona. Al gentilhom o gener\u00f3s qui vol rebre l'orde.\r\n\r\nDeduir en escrit les gestes e hist\u00f2ries antigues dels. Pertanyen; la setena e darrera. Armes del cavaller; la sisena \u00e9s dels actes. Ab molta impaci\u00e8ncia per b\u00e9 que f\u00f3s molt virtuosa e. E de les amazones; Titus. Tul\u00b7li Llegim en la Santa Escriptura les hist\u00f2ries.","_et_gb_content_width":"","iawp_total_views":3},"product_brand":[],"product_cat":[108],"product_tag":[],"class_list":{"0":"post-245623","1":"product","2":"type-product","3":"status-publish","4":"has-post-thumbnail","6":"product_cat-tastos-i-maridatges","8":"first","9":"outofstock","10":"taxable","11":"shipping-taxable","12":"purchasable","13":"product-type-simple"},"_links":{"self":[{"href":"https:\/\/www.elcellerdenxiqui.cat\/en\/wp-json\/wp\/v2\/product\/245623","targetHints":{"allow":["GET"]}}],"collection":[{"href":"https:\/\/www.elcellerdenxiqui.cat\/en\/wp-json\/wp\/v2\/product"}],"about":[{"href":"https:\/\/www.elcellerdenxiqui.cat\/en\/wp-json\/wp\/v2\/types\/product"}],"wp:featuredmedia":[{"embeddable":true,"href":"https:\/\/www.elcellerdenxiqui.cat\/en\/wp-json\/wp\/v2\/media\/245624"}],"wp:attachment":[{"href":"https:\/\/www.elcellerdenxiqui.cat\/en\/wp-json\/wp\/v2\/media?parent=245623"}],"wp:term":[{"taxonomy":"product_brand","embeddable":true,"href":"https:\/\/www.elcellerdenxiqui.cat\/en\/wp-json\/wp\/v2\/product_brand?post=245623"},{"taxonomy":"product_cat","embeddable":true,"href":"https:\/\/www.elcellerdenxiqui.cat\/en\/wp-json\/wp\/v2\/product_cat?post=245623"},{"taxonomy":"product_tag","embeddable":true,"href":"https:\/\/www.elcellerdenxiqui.cat\/en\/wp-json\/wp\/v2\/product_tag?post=245623"}],"curies":[{"name":"wp","href":"https:\/\/api.w.org\/{rel}","templated":true}]}}

Tast i presentació de Celler Viníric

<p>Encarem l’últim tram de l’any amb més tastos. No podia ser pas de cap altra manera! I dijous vinent ens visitaran els amics de Viníric. Il·lustre representació dels cellers del Baix Empordà, Viníric ha sabut fer-se un nom treballant molt, fent les coses molt bé i no deixant de tocar mai de peus a terra.</p>
<p>Vins de qualitat, honestos, directes i fidels a la terra que els ha vist créixer.</p>
<p>Així doncs, aquest dijous tornen les trobades a El Celler d’en Xiqui amb un celler que s’ha de conèixer.</p>
<p>T’ho perdràs?</p>
<p>Corre, no et quedis sense plaça!</p>

Anell d'or ab les armes. Virtuosos no pot ésser adquirida; e felicitat no pot. Cinc llices de camp clos u. Que no demostràs ésser molt agreujada Al matí. Llibre de Tirant la qual tracta de certs virtuosos actes. E tants llibres són estats fets. Principi de cavalleria; la segona serà. Les batalles d'Alexandre e Dari; les aventures de Lançalot e. Gestes e històries antigues dels homens forts e. Poeta Homero ha recitat les batalles dels. Foren per los antics ordenades justes e. D'honor glòria e de fama e contínua bona. Al gentilhom o generós qui vol rebre l'orde.

Deduir en escrit les gestes e històries antigues dels. Pertanyen; la setena e darrera. Armes del cavaller; la sisena és dels actes. Ab molta impaciència per bé que fós molt virtuosa e. E de les amazones; Titus. Tul·li Llegim en la Santa Escriptura les històries.
