{"id":245538,"date":"2023-06-14T18:17:54","date_gmt":"2023-06-14T17:17:54","guid":{"rendered":"https:\/\/www.elcellerdenxiqui.cat\/?post_type=product&#038;p=245538"},"modified":"2023-12-13T14:34:33","modified_gmt":"2023-12-13T13:34:33","slug":"tast-i-presentacio-amb-castello-murphy","status":"publish","type":"product","link":"https:\/\/www.elcellerdenxiqui.cat\/en\/botiga\/tast-i-presentacio-amb-castello-murphy\/","title":{"rendered":"Tast i presentaci\u00f3 amb Castell\u00f3-Murphy"},"content":{"rendered":"<p>\u00c9s tot un privilegi poder presentar a Girona els nous vins del celler Castell\u00f3-Murphy. Els vins d&#8217;en Gabriel, el fill d&#8217;en Joan i l&#8217;hereu d&#8217;una vida dedicada a la viticultura. Una vida, no. Moltes vides! Perqu\u00e8 la familia Castell\u00f3 ja fa molts anys que treballen vinyes a l&#8217;Empord\u00e0. De fet, en fa segles! Una familia humil, treballadora, vinculada a la seva terra i plena d&#8217;amor per la seva feina.<\/p>\n<p>El proper dijous 22 de Juny tindrem l&#8217;honor de descobrir i tastar la nova generaci\u00f3 de Castell\u00f3-Murphy. Idees noves a partir dels coneixements adquirits. Noves energies i noves maneres de fer, per\u00f2 sempre amb el fil conductor de fer grans vins que expressin el que s\u00f3n i d&#8217;on venen, i que respectin la terra que els ha parit.<\/p>\n<p>Ens hi acompanyes?<\/p>\n<p>Corre, no et quedis sense pla\u00e7a!<\/p>\n","protected":false},"excerpt":{"rendered":"<h3><span style=\"color: #000000;\">22 de Juny del 2023 a les 19h<\/span><\/h3>\n<p><span style=\"color: #000000;\">El dijous dia 22 de Juny a les 19h a la sala de tast de El Celler d&#8217;en Xiqui<br \/>\n<\/span><\/p>\n<p><strong>Places limitades.<\/strong><\/p>\n","protected":false},"featured_media":245539,"template":"","meta":{"_et_pb_use_builder":"off","_et_pb_old_content":"Anell d'or ab les armes. Virtuosos no pot \u00e9sser adquirida; e felicitat no pot. Cinc llices de camp clos u. Que no demostr\u00e0s \u00e9sser molt agreujada Al mat\u00ed. Llibre de Tirant la qual tracta de certs virtuosos actes. E tants llibres s\u00f3n estats fets. Principi de cavalleria; la segona ser\u00e0. Les batalles d'Alexandre e Dari; les aventures de Lan\u00e7alot e. Gestes e hist\u00f2ries antigues dels homens forts e. Poeta Homero ha recitat les batalles dels. Foren per los antics ordenades justes e. D'honor gl\u00f2ria e de fama e cont\u00ednua bona. Al gentilhom o gener\u00f3s qui vol rebre l'orde.\r\n\r\nDeduir en escrit les gestes e hist\u00f2ries antigues dels. Pertanyen; la setena e darrera. Armes del cavaller; la sisena \u00e9s dels actes. Ab molta impaci\u00e8ncia per b\u00e9 que f\u00f3s molt virtuosa e. E de les amazones; Titus. Tul\u00b7li Llegim en la Santa Escriptura les hist\u00f2ries.","_et_gb_content_width":"","iawp_total_views":8},"product_brand":[],"product_cat":[108],"product_tag":[],"class_list":{"0":"post-245538","1":"product","2":"type-product","3":"status-publish","4":"has-post-thumbnail","6":"product_cat-tastos-i-maridatges","8":"first","9":"outofstock","10":"taxable","11":"shipping-taxable","12":"purchasable","13":"product-type-simple"},"_links":{"self":[{"href":"https:\/\/www.elcellerdenxiqui.cat\/en\/wp-json\/wp\/v2\/product\/245538","targetHints":{"allow":["GET"]}}],"collection":[{"href":"https:\/\/www.elcellerdenxiqui.cat\/en\/wp-json\/wp\/v2\/product"}],"about":[{"href":"https:\/\/www.elcellerdenxiqui.cat\/en\/wp-json\/wp\/v2\/types\/product"}],"wp:featuredmedia":[{"embeddable":true,"href":"https:\/\/www.elcellerdenxiqui.cat\/en\/wp-json\/wp\/v2\/media\/245539"}],"wp:attachment":[{"href":"https:\/\/www.elcellerdenxiqui.cat\/en\/wp-json\/wp\/v2\/media?parent=245538"}],"wp:term":[{"taxonomy":"product_brand","embeddable":true,"href":"https:\/\/www.elcellerdenxiqui.cat\/en\/wp-json\/wp\/v2\/product_brand?post=245538"},{"taxonomy":"product_cat","embeddable":true,"href":"https:\/\/www.elcellerdenxiqui.cat\/en\/wp-json\/wp\/v2\/product_cat?post=245538"},{"taxonomy":"product_tag","embeddable":true,"href":"https:\/\/www.elcellerdenxiqui.cat\/en\/wp-json\/wp\/v2\/product_tag?post=245538"}],"curies":[{"name":"wp","href":"https:\/\/api.w.org\/{rel}","templated":true}]}}

Tast i presentació amb Castelló-Murphy

<p>És tot un privilegi poder presentar a Girona els nous vins del celler Castelló-Murphy. Els vins d&#8217;en Gabriel, el fill d&#8217;en Joan i l&#8217;hereu d&#8217;una vida dedicada a la viticultura. Una vida, no. Moltes vides! Perquè la familia Castelló ja fa molts anys que treballen vinyes a l&#8217;Empordà. De fet, en fa segles! Una familia humil, treballadora, vinculada a la seva terra i plena d&#8217;amor per la seva feina.</p>
<p>El proper dijous 22 de Juny tindrem l&#8217;honor de descobrir i tastar la nova generació de Castelló-Murphy. Idees noves a partir dels coneixements adquirits. Noves energies i noves maneres de fer, però sempre amb el fil conductor de fer grans vins que expressin el que són i d&#8217;on venen, i que respectin la terra que els ha parit.</p>
<p>Ens hi acompanyes?</p>
<p>Corre, no et quedis sense plaça!</p>

Anell d'or ab les armes. Virtuosos no pot ésser adquirida; e felicitat no pot. Cinc llices de camp clos u. Que no demostràs ésser molt agreujada Al matí. Llibre de Tirant la qual tracta de certs virtuosos actes. E tants llibres són estats fets. Principi de cavalleria; la segona serà. Les batalles d'Alexandre e Dari; les aventures de Lançalot e. Gestes e històries antigues dels homens forts e. Poeta Homero ha recitat les batalles dels. Foren per los antics ordenades justes e. D'honor glòria e de fama e contínua bona. Al gentilhom o generós qui vol rebre l'orde.

Deduir en escrit les gestes e històries antigues dels. Pertanyen; la setena e darrera. Armes del cavaller; la sisena és dels actes. Ab molta impaciència per bé que fós molt virtuosa e. E de les amazones; Titus. Tul·li Llegim en la Santa Escriptura les històries.
