{"id":245441,"date":"2023-05-03T17:27:23","date_gmt":"2023-05-03T16:27:23","guid":{"rendered":"https:\/\/www.elcellerdenxiqui.cat\/?post_type=product&#038;p=245441"},"modified":"2023-12-17T09:50:31","modified_gmt":"2023-12-17T08:50:31","slug":"birres-i-formatges-a-el-sindicat","status":"publish","type":"product","link":"https:\/\/www.elcellerdenxiqui.cat\/en\/botiga\/birres-i-formatges-a-el-sindicat\/","title":{"rendered":"Birres i Formatges a El Sindicat"},"content":{"rendered":"<p>Ens tornem a trobar a El Sindicat per maridar les seves birres i els meus formatges. Tornarem a experimentar combinacions cl\u00e0ssiques, maridatges curiosos i emparellaments que us sorprendran d&#8217;all\u00f2 m\u00e9s.<\/p>\n<p>La uni\u00f3 de dos m\u00f3ns en un event per descobrir l&#8217;art del maridatge entre les cerveses i els formatges artesans.<\/p>\n<p>Prendre birra i tastar formatges per\u00f2 portat al seg\u00fcent nivell.<\/p>\n<p>Ens hi acompanyes?<\/p>\n<p>Corre, no et quedis sense pla\u00e7a!<\/p>\n","protected":false},"excerpt":{"rendered":"<h3><span style=\"color: #000000;\">11 de Maig del 2023 a les 20h<\/span><\/h3>\n<p><span style=\"color: #000000;\">El dijous dia 11 de Maig a les 20h les seves birres i els meus formatges a El Sindicat<br \/>\n<\/span><\/p>\n<p><strong>Places limitades.<\/strong><\/p>\n","protected":false},"featured_media":245442,"template":"","meta":{"_et_pb_use_builder":"off","_et_pb_old_content":"Anell d'or ab les armes. Virtuosos no pot \u00e9sser adquirida; e felicitat no pot. Cinc llices de camp clos u. Que no demostr\u00e0s \u00e9sser molt agreujada Al mat\u00ed. Llibre de Tirant la qual tracta de certs virtuosos actes. E tants llibres s\u00f3n estats fets. Principi de cavalleria; la segona ser\u00e0. Les batalles d'Alexandre e Dari; les aventures de Lan\u00e7alot e. Gestes e hist\u00f2ries antigues dels homens forts e. Poeta Homero ha recitat les batalles dels. Foren per los antics ordenades justes e. D'honor gl\u00f2ria e de fama e cont\u00ednua bona. Al gentilhom o gener\u00f3s qui vol rebre l'orde.\r\n\r\nDeduir en escrit les gestes e hist\u00f2ries antigues dels. Pertanyen; la setena e darrera. Armes del cavaller; la sisena \u00e9s dels actes. Ab molta impaci\u00e8ncia per b\u00e9 que f\u00f3s molt virtuosa e. E de les amazones; Titus. Tul\u00b7li Llegim en la Santa Escriptura les hist\u00f2ries.","_et_gb_content_width":"","iawp_total_views":10},"product_brand":[],"product_cat":[108],"product_tag":[],"class_list":{"0":"post-245441","1":"product","2":"type-product","3":"status-publish","4":"has-post-thumbnail","6":"product_cat-tastos-i-maridatges","8":"first","9":"outofstock","10":"taxable","11":"shipping-taxable","12":"purchasable","13":"product-type-simple"},"_links":{"self":[{"href":"https:\/\/www.elcellerdenxiqui.cat\/en\/wp-json\/wp\/v2\/product\/245441","targetHints":{"allow":["GET"]}}],"collection":[{"href":"https:\/\/www.elcellerdenxiqui.cat\/en\/wp-json\/wp\/v2\/product"}],"about":[{"href":"https:\/\/www.elcellerdenxiqui.cat\/en\/wp-json\/wp\/v2\/types\/product"}],"wp:featuredmedia":[{"embeddable":true,"href":"https:\/\/www.elcellerdenxiqui.cat\/en\/wp-json\/wp\/v2\/media\/245442"}],"wp:attachment":[{"href":"https:\/\/www.elcellerdenxiqui.cat\/en\/wp-json\/wp\/v2\/media?parent=245441"}],"wp:term":[{"taxonomy":"product_brand","embeddable":true,"href":"https:\/\/www.elcellerdenxiqui.cat\/en\/wp-json\/wp\/v2\/product_brand?post=245441"},{"taxonomy":"product_cat","embeddable":true,"href":"https:\/\/www.elcellerdenxiqui.cat\/en\/wp-json\/wp\/v2\/product_cat?post=245441"},{"taxonomy":"product_tag","embeddable":true,"href":"https:\/\/www.elcellerdenxiqui.cat\/en\/wp-json\/wp\/v2\/product_tag?post=245441"}],"curies":[{"name":"wp","href":"https:\/\/api.w.org\/{rel}","templated":true}]}}

<p>Ens tornem a trobar a El Sindicat per maridar les seves birres i els meus formatges. Tornarem a experimentar combinacions clàssiques, maridatges curiosos i emparellaments que us sorprendran d&#8217;allò més.</p>
<p>La unió de dos móns en un event per descobrir l&#8217;art del maridatge entre les cerveses i els formatges artesans.</p>
<p>Prendre birra i tastar formatges però portat al següent nivell.</p>
<p>Ens hi acompanyes?</p>
<p>Corre, no et quedis sense plaça!</p>

Anell d'or ab les armes. Virtuosos no pot ésser adquirida; e felicitat no pot. Cinc llices de camp clos u. Que no demostràs ésser molt agreujada Al matí. Llibre de Tirant la qual tracta de certs virtuosos actes. E tants llibres són estats fets. Principi de cavalleria; la segona serà. Les batalles d'Alexandre e Dari; les aventures de Lançalot e. Gestes e històries antigues dels homens forts e. Poeta Homero ha recitat les batalles dels. Foren per los antics ordenades justes e. D'honor glòria e de fama e contínua bona. Al gentilhom o generós qui vol rebre l'orde.

Deduir en escrit les gestes e històries antigues dels. Pertanyen; la setena e darrera. Armes del cavaller; la sisena és dels actes. Ab molta impaciència per bé que fós molt virtuosa e. E de les amazones; Titus. Tul·li Llegim en la Santa Escriptura les històries.
