{"id":245241,"date":"2022-10-14T11:41:29","date_gmt":"2022-10-14T10:41:29","guid":{"rendered":"https:\/\/www.elcellerdenxiqui.cat\/?post_type=product&#038;p=245241"},"modified":"2023-12-13T14:48:57","modified_gmt":"2023-12-13T13:48:57","slug":"tast-i-presentacio-de-la-formatgeria-la-balda","status":"publish","type":"product","link":"https:\/\/www.elcellerdenxiqui.cat\/en\/botiga\/tast-i-presentacio-de-la-formatgeria-la-balda\/","title":{"rendered":"Tast i Presentaci\u00f3 de la formatgeria La Balda"},"content":{"rendered":"<p>Des del Mas La Vilotxa, a Granollers de Rocacorba (La Vall del Ll\u00e9mena), en Pablo Garcia s&#8217;ha convertit en un dels formatgers m\u00e9s reputats de tot el panorama formatger catal\u00e0. El seu Fermi\u00f3 ja \u00e9s un dels formatges m\u00e9s famosos del pa\u00eds i dels m\u00e9s valorats en qualsevol dels concursos on es presenta.<br \/>\n\u00c9s un elaborador met\u00f2dic i perfeccionista. Sempre troba detalls a millorar en les seves peces, i \u00e9s per aix\u00f2 que peces com el Baldat (el qual encara li porta algun que altre mal de cap) no deixen d&#8217;evolucionar malgrat la seva ja immensa qualitat.<br \/>\nVine a tastar les seves del\u00edcies i a descobrir com un ambient\u00f2leg de formaci\u00f3 i treballador p\u00fablic acaba convertint-se en un referent en el m\u00f3n dels formatges artesans!<br \/>\nCorre, que les places s\u00f3n molt limitades!<\/p>\n","protected":false},"excerpt":{"rendered":"<h3><span style=\"color: #000000;\">20 d&#8217;octubre del 2022 a les 19h<\/span><\/h3>\n<p><span style=\"color: #000000;\">El dijous dia 20 d&#8217;octubre a les 19h ens visita en Pablo Garcia, de La Balda.\u00a0\u00a0<\/span><\/p>\n<p><strong>Places limitades.<\/strong><\/p>\n","protected":false},"featured_media":245242,"template":"","meta":{"_et_pb_use_builder":"off","_et_pb_old_content":"Anell d'or ab les armes. Virtuosos no pot \u00e9sser adquirida; e felicitat no pot. Cinc llices de camp clos u. Que no demostr\u00e0s \u00e9sser molt agreujada Al mat\u00ed. Llibre de Tirant la qual tracta de certs virtuosos actes. E tants llibres s\u00f3n estats fets. Principi de cavalleria; la segona ser\u00e0. Les batalles d'Alexandre e Dari; les aventures de Lan\u00e7alot e. Gestes e hist\u00f2ries antigues dels homens forts e. Poeta Homero ha recitat les batalles dels. Foren per los antics ordenades justes e. D'honor gl\u00f2ria e de fama e cont\u00ednua bona. Al gentilhom o gener\u00f3s qui vol rebre l'orde.\r\n\r\nDeduir en escrit les gestes e hist\u00f2ries antigues dels. Pertanyen; la setena e darrera. Armes del cavaller; la sisena \u00e9s dels actes. Ab molta impaci\u00e8ncia per b\u00e9 que f\u00f3s molt virtuosa e. E de les amazones; Titus. Tul\u00b7li Llegim en la Santa Escriptura les hist\u00f2ries.","_et_gb_content_width":"","iawp_total_views":13},"product_brand":[],"product_cat":[108],"product_tag":[],"class_list":{"0":"post-245241","1":"product","2":"type-product","3":"status-publish","4":"has-post-thumbnail","6":"product_cat-tastos-i-maridatges","8":"first","9":"outofstock","10":"taxable","11":"shipping-taxable","12":"purchasable","13":"product-type-simple"},"_links":{"self":[{"href":"https:\/\/www.elcellerdenxiqui.cat\/en\/wp-json\/wp\/v2\/product\/245241","targetHints":{"allow":["GET"]}}],"collection":[{"href":"https:\/\/www.elcellerdenxiqui.cat\/en\/wp-json\/wp\/v2\/product"}],"about":[{"href":"https:\/\/www.elcellerdenxiqui.cat\/en\/wp-json\/wp\/v2\/types\/product"}],"wp:featuredmedia":[{"embeddable":true,"href":"https:\/\/www.elcellerdenxiqui.cat\/en\/wp-json\/wp\/v2\/media\/245242"}],"wp:attachment":[{"href":"https:\/\/www.elcellerdenxiqui.cat\/en\/wp-json\/wp\/v2\/media?parent=245241"}],"wp:term":[{"taxonomy":"product_brand","embeddable":true,"href":"https:\/\/www.elcellerdenxiqui.cat\/en\/wp-json\/wp\/v2\/product_brand?post=245241"},{"taxonomy":"product_cat","embeddable":true,"href":"https:\/\/www.elcellerdenxiqui.cat\/en\/wp-json\/wp\/v2\/product_cat?post=245241"},{"taxonomy":"product_tag","embeddable":true,"href":"https:\/\/www.elcellerdenxiqui.cat\/en\/wp-json\/wp\/v2\/product_tag?post=245241"}],"curies":[{"name":"wp","href":"https:\/\/api.w.org\/{rel}","templated":true}]}}

Tast i Presentació de la formatgeria La Balda

<p>Des del Mas La Vilotxa, a Granollers de Rocacorba (La Vall del Llémena), en Pablo Garcia s&#8217;ha convertit en un dels formatgers més reputats de tot el panorama formatger català. El seu Fermió ja és un dels formatges més famosos del país i dels més valorats en qualsevol dels concursos on es presenta.<br />
És un elaborador metòdic i perfeccionista. Sempre troba detalls a millorar en les seves peces, i és per això que peces com el Baldat (el qual encara li porta algun que altre mal de cap) no deixen d&#8217;evolucionar malgrat la seva ja immensa qualitat.<br />
Vine a tastar les seves delícies i a descobrir com un ambientòleg de formació i treballador públic acaba convertint-se en un referent en el món dels formatges artesans!<br />
Corre, que les places són molt limitades!</p>

Anell d'or ab les armes. Virtuosos no pot ésser adquirida; e felicitat no pot. Cinc llices de camp clos u. Que no demostràs ésser molt agreujada Al matí. Llibre de Tirant la qual tracta de certs virtuosos actes. E tants llibres són estats fets. Principi de cavalleria; la segona serà. Les batalles d'Alexandre e Dari; les aventures de Lançalot e. Gestes e històries antigues dels homens forts e. Poeta Homero ha recitat les batalles dels. Foren per los antics ordenades justes e. D'honor glòria e de fama e contínua bona. Al gentilhom o generós qui vol rebre l'orde.

Deduir en escrit les gestes e històries antigues dels. Pertanyen; la setena e darrera. Armes del cavaller; la sisena és dels actes. Ab molta impaciència per bé que fós molt virtuosa e. E de les amazones; Titus. Tul·li Llegim en la Santa Escriptura les històries.
