{"id":243630,"date":"2022-09-13T18:12:45","date_gmt":"2022-09-13T17:12:45","guid":{"rendered":"https:\/\/www.elcellerdenxiqui.cat\/?post_type=product&#038;p=243630"},"modified":"2023-12-13T14:53:31","modified_gmt":"2023-12-13T13:53:31","slug":"tast-a-duo-varietats-autoctones-vs-varietats-internacionals","status":"publish","type":"product","link":"https:\/\/www.elcellerdenxiqui.cat\/en\/botiga\/tast-a-duo-varietats-autoctones-vs-varietats-internacionals\/","title":{"rendered":"Tast a D\u00fao. Varietats aut\u00f2ctones Vs varietats internacionals"},"content":{"rendered":"<p>Torna el company sommelier i amic Josep Miquel Guasch (tocatpelvi.cat) per reflexionar sobre les varietats aut\u00f2ctones i les internacionals. Descobrirem com s&#8217;expressen unes i altres a les nostres contrades i qu\u00e8 ens poden aportar. Una nova &#8220;wine battle&#8221; que no us podeu perdre.<\/p>\n","protected":false},"excerpt":{"rendered":"<h3><span style=\"color: #000000;\">22 de setembre del 2022 a les 19h.<\/span><\/h3>\n<p>Torna el company sommelier i amic Josep Miquel Guasch (tocatpelvi.cat) per reflexionar sobre les varietats aut\u00f2ctones i les internacionals.<\/p>\n<p><strong>Places limitades.<\/strong><\/p>\n","protected":false},"featured_media":243631,"template":"","meta":{"_et_pb_use_builder":"off","_et_pb_old_content":"Anell d'or ab les armes. Virtuosos no pot \u00e9sser adquirida; e felicitat no pot. Cinc llices de camp clos u. Que no demostr\u00e0s \u00e9sser molt agreujada Al mat\u00ed. Llibre de Tirant la qual tracta de certs virtuosos actes. E tants llibres s\u00f3n estats fets. Principi de cavalleria; la segona ser\u00e0. Les batalles d'Alexandre e Dari; les aventures de Lan\u00e7alot e. Gestes e hist\u00f2ries antigues dels homens forts e. Poeta Homero ha recitat les batalles dels. Foren per los antics ordenades justes e. D'honor gl\u00f2ria e de fama e cont\u00ednua bona. Al gentilhom o gener\u00f3s qui vol rebre l'orde.\r\n\r\nDeduir en escrit les gestes e hist\u00f2ries antigues dels. Pertanyen; la setena e darrera. Armes del cavaller; la sisena \u00e9s dels actes. Ab molta impaci\u00e8ncia per b\u00e9 que f\u00f3s molt virtuosa e. E de les amazones; Titus. Tul\u00b7li Llegim en la Santa Escriptura les hist\u00f2ries.","_et_gb_content_width":"","iawp_total_views":3},"product_brand":[],"product_cat":[108],"product_tag":[],"class_list":{"0":"post-243630","1":"product","2":"type-product","3":"status-publish","4":"has-post-thumbnail","6":"product_cat-tastos-i-maridatges","8":"first","9":"outofstock","10":"taxable","11":"shipping-taxable","12":"purchasable","13":"product-type-simple"},"_links":{"self":[{"href":"https:\/\/www.elcellerdenxiqui.cat\/en\/wp-json\/wp\/v2\/product\/243630","targetHints":{"allow":["GET"]}}],"collection":[{"href":"https:\/\/www.elcellerdenxiqui.cat\/en\/wp-json\/wp\/v2\/product"}],"about":[{"href":"https:\/\/www.elcellerdenxiqui.cat\/en\/wp-json\/wp\/v2\/types\/product"}],"wp:featuredmedia":[{"embeddable":true,"href":"https:\/\/www.elcellerdenxiqui.cat\/en\/wp-json\/wp\/v2\/media\/243631"}],"wp:attachment":[{"href":"https:\/\/www.elcellerdenxiqui.cat\/en\/wp-json\/wp\/v2\/media?parent=243630"}],"wp:term":[{"taxonomy":"product_brand","embeddable":true,"href":"https:\/\/www.elcellerdenxiqui.cat\/en\/wp-json\/wp\/v2\/product_brand?post=243630"},{"taxonomy":"product_cat","embeddable":true,"href":"https:\/\/www.elcellerdenxiqui.cat\/en\/wp-json\/wp\/v2\/product_cat?post=243630"},{"taxonomy":"product_tag","embeddable":true,"href":"https:\/\/www.elcellerdenxiqui.cat\/en\/wp-json\/wp\/v2\/product_tag?post=243630"}],"curies":[{"name":"wp","href":"https:\/\/api.w.org\/{rel}","templated":true}]}}

Tast a Dúo. Varietats autòctones Vs varietats internacionals

<p>Torna el company sommelier i amic Josep Miquel Guasch (tocatpelvi.cat) per reflexionar sobre les varietats autòctones i les internacionals. Descobrirem com s&#8217;expressen unes i altres a les nostres contrades i què ens poden aportar. Una nova &#8220;wine battle&#8221; que no us podeu perdre.</p>

<h3><span style="color: #000000;">22 de setembre del 2022 a les 19h.</span></h3>
<p>Torna el company sommelier i amic Josep Miquel Guasch (tocatpelvi.cat) per reflexionar sobre les varietats autòctones i les internacionals.</p>
<p><strong>Places limitades.</strong></p>

Anell d'or ab les armes. Virtuosos no pot ésser adquirida; e felicitat no pot. Cinc llices de camp clos u. Que no demostràs ésser molt agreujada Al matí. Llibre de Tirant la qual tracta de certs virtuosos actes. E tants llibres són estats fets. Principi de cavalleria; la segona serà. Les batalles d'Alexandre e Dari; les aventures de Lançalot e. Gestes e històries antigues dels homens forts e. Poeta Homero ha recitat les batalles dels. Foren per los antics ordenades justes e. D'honor glòria e de fama e contínua bona. Al gentilhom o generós qui vol rebre l'orde.

Deduir en escrit les gestes e històries antigues dels. Pertanyen; la setena e darrera. Armes del cavaller; la sisena és dels actes. Ab molta impaciència per bé que fós molt virtuosa e. E de les amazones; Titus. Tul·li Llegim en la Santa Escriptura les històries.
